 2 + -3)?
3
What is (7 - (10 + 2)) + 4?
-1
What is 1 + 3 + -78 + 84?
10
What is the value of (0 + 1 - 0) + 0 - 1?
0
(1 - -1) + 1 + 0
3
6 + (-3 - (-4 + 3) - 1)
3
141 - 150 - (-1 + -17)
9
40 + -36 + -1 + -1 + -2
0
Evaluate 5 + (7 - (12 + 2)) + 1.
-1
What is -6 - -1 - -7 - (0 + 4)?
-2
Evaluate 3 + -10 - -8 - (4 - 2).
-1
Calculate 5 + (0 - 4 - 5).
-4
-6 + 1 + (2 - -2) + -6
-7
Evaluate 0 - (3 + 0 - 6).
3
-2 - (-23 + 4 + 8)
9
What is (17 - 6) + (-14 - -7)?
4
-4 + (1 - 4 - -2)
-5
Evaluate 4 - 10 - (1 - (4 - 4)).
-7
Evaluate (-13 + -9 - -11) + 7.
-4
Evaluate (2 - -5) + -3 + -4.
0
Calculate 1 + -5 + (6 - 2) - 4.
-4
What is the value of 0 - -6 - (12 - 1)?
-5
-2 + 9 + (-2 - (-4 + 4))
5
Calculate -5 + (-3 - 4 - -9).
-3
Evaluate -6 + (-1 - -5) - -1 - -2.
1
Calculate -2 + 0 + 5 + 2.
5
Calculate 23 - 18 - (3 - -7).
-5
(-14 - -6 - -7) + -5 + 1
-5
What is (-1 - 2) + (22 - 24)?
-5
What is the value of 7 + -5 - -4 - 14 - -3?
-5
(1 - 3 - 2) + 7
3
3 - (-1 + 3 - -2) - -1
0
3 + -2 - (7 + -2 + -6)
2
-4 - (6 + -10) - (1 + -7)
6
-1 + -1 + 9 + -10
-3
What is 4 + 3 + (-3 - (-4 + 3))?
5
Evaluate (8 + -9 - 3) + (1 - 2).
-5
Calculate -5 - -2 - (-2 + (5 - 4)).
-2
-2 - (-6 + 6 - (1 - -5))
4
What is the value of -138 + 139 + (5 - -1)?
7
Calculate (-5 - -2) + 3 + (-15 - -11).
-4
What is the value of 4 + -1 + 1 - 5?
-1
What is 1 + -3 + 2 - (8 + -5)?
-3
Calculate -2 - (8 - 18 - -19).
-11
Calculate -4 - (-4 + 2 + -1).
-1
Calculate 12 + -3 + 0 + 3 + -5.
7
0 + -3 + (-2 + 0 - -2)
-3
What is -11 + (-2 - (2 - 7)) - -2?
-6
What is the value of 5 - 9 - 4 - (2 - 7)?
-3
Calculate (21 - 20) + (-3 - (0 + -3)).
1
What is the value of -2 - 6 - (-33 + 26)?
-1
Calculate (26 - 5 - 6 - 6) + -5.
4
0 - 7 - (-70 + 65)
-2
Evaluate 1 + 2 + -12 + 5.
-4
-13 - -4 - (1 + -5)
-5
What is 3 + (2 - 4) - 2?
-1
Evaluate -6 - (5 + (-1 - 8) - 4).
2
What is the value of (-2 - 0) + (-5 - (5 - 15))?
3
What is the value of (42 - 42) + 2 + 5?
7
-2 - ((1 - 4) + 3)
-2
Calculate 0 - (-2 - (6 - -6 - 7)).
7
Calculate -6 + 1 + (151 - 142).
4
What is -10 - ((-24 - -14) + 8)?
-8
Evaluate (-6 - -5 - (0 - -1)) + 7.
5
12 + -6 - (5 - 5) - -2
8
Calculate -3 + -2 + (3 - (-6 + 0)).
4
Evaluate -9 - (6 + -7 + -2).
-6
What is the value of -15 + 27 + (3 - (-3 + 13))?
5
Calculate 10 - 1 - (-1 + 4) - 4.
2
Evaluate 2 + (-1 - 3) + 10 - 5.
3
Calculate 0 + -3 - -5 - (-3 + 3).
2
What is (1 + -8 - (1 - 14)) + -7?
-1
-2 - (-9 - -7) - -6
6
What is the value of (3 - 3) + 2 + 0 + -4?
-2
0 - (4 + (-5 - -2))
-1
What is -3 + -5 + (23 - 15)?
0
(-6 - -1) + 2 + 88 + -91
-6
Calculate 16 + -21 + 4 + -2.
-3
What is -6 - (0 + 3 + -9)?
0
0 + -3 - (173 - 181)
5
Evaluate -8 + (-9 + 23 - 7).
-1
Evaluate -1 - (-5 - -1) - -4.
7
What is the value of -3 - (-11 + 0 + 6)?
2
8 + (7 + -3 + -8 - -4)
8
What is (0 - 4 - -1) + -52 + 53?
-2
-8 + -3 + 5 + 6
0
Calculate 9 + -22 - (9 - 15).
-7
What is -3 - (3 + -4 + 1)?
-3
What is -4 - (-8 - (6 - 8))?
2
What is the value of -3 - 0 - (54 - 57)?
0
What is the value of -10 - (2 - (-8 - -3 - -12))?
-5
0 + 11 + -10 + 6 + 0
7
Evaluate -4 + -1 - (3 - 15).
7
Evaluate 5 + -2 + -3 - 5.
-5
Evaluate (8 - 0) + -9 + -4.
-5
What is the value of -11 + (5 - 8 - -4)?
-10
What is the value of (-5 - -3) + (-7 - -5) + -2?
-6
What is (-3 - (-1 - -3)) + (-235 - -245)?
5
13 + -3 + -19 + 9
0
Evaluate 1 + -1 + 3 - 4.
-1
-41 + 33 + (8 - -1)
1
Calculate (-1 - -1 - -2) + (4 - 4).
2
Evaluate 3 - (-2 + 3 + 0).
2
What is -1 + (0 - (-2 - -7))?
-6
0 + (3 - 0) + -1
2
-10 + (-11 - (7 - 29))
1
2 - (-5 + 11 + 0)
-4
Calculate -6 + 3 + -3 - -3.
-3
Evaluate -4 + (6 - (0 - -2)).
0
Evaluate 1 - (11 + -3 - 3) - 2.
-6
2 + -7 - (-12 + 4 - -6)
-3
Calculate -1 - 1 - ((1 - 7) + 10).
-6
Evaluate (1 - 1) + (-6 - -4).
-2
-6 - -6 - -1 - -4
5
Evaluate -8 - (-4 - 7) - (-4 - 0).
7
Calculate -2 + 3 + -10 + 5.
-4
-2 + 0 + 5 + -3
0
What is the value of 9 + -4 + -7 + 2?
0
What is the value of (6 - 0) + -17 + 5?
-6
9 - (-2 - (-13 - (-2 - 1)))
1
Evaluate (2 - 5) + (-3 - (-3 + -1)).
-2
Evaluate 4 + -1 - (-1 - (-2 - -2)).
4
What is (11 - 0) + 31 + -36?
6
What is -4 - (0 - -2 - (19 - 15))?
-2
What is 4 - 0 - ((-15 - -2) + 20)?
-3
What is 9 + -1 - 1 - (14 - 8)?
1
What is the value of 4 + -1 - (-10 + 13 + -5)?
5
What is the value of 5 - 2 - (-2 + 6) - 2?
-3
What is -4 - -3 - -1 - 3?
-3
(62 - 57) + -2 + (-6 - 1)
-4
What is -10 - ((3 - -4) + -9)?
-8
What is (-4 - -5) + -2 - 3 - -6?
2
10 + 0 - (-7 + -1 + 14)
4
Evaluate -1 + 11 + 12 + -15.
7
7 - (-6 + 18 - 1)
-4
What is the value of -3 - (12 + (0 - (2 - -4)))?
-9
Evaluate 4 + (-1 - 7) - -1.
-3
Calculate -3 + -1 + -2 + 9.
3
What is the value of -9 + 0 + 3 + 11?
5
Calculate -1 + 5 - (12 + 1 - 6).
-3
What is the value of -1 - ((1 - (-1 + 4)) + -3)?
4
What is the value of (-4 - (-5 - -7)) + 4?
-2
Calculate -1 - -5 - (-6 - (2 - 9)).
3
What is 5 + -3 - (4 - 1)?
-1
What is the value of (8 - 8) + 3 + 2?
5
Evaluate (-4 - (5 + -3) - -1) + 5.
0
What is the value of -4 - (1 - (-11 + 15))?
-1
What is -4 + 2 + (-2 - 0) + 0?
-4
Evaluate 14 + (-22 + (0 - -8) - -7).
7
Evaluate -5 - ((-5 - -4) + -5 + -5).
6
16 + -8 + 0 + -6
2
0 - 11 - (-70 - -50)
9
Evaluate -6 + (-14 - -5 - -9).
-6
What is the value of -9 - -10 - (4 - -2 - 3)?
-2
Evaluate (4 - -8) + -6 - 4.
2
What is (3 - 3) + 2 - 1 - -1?
2
(6 - 4 - 0) + 2
4
Calculate 8 + -2 + (5 - 10).
1
(-9 - 1) + 6 + 0 + -3
-7
What is -24 - -27 - (1 + (2 - 2))?
2
(0 - -2) + (-2 - (8 + -4))
-4
What is the value of -3 + 5 + -6 + 2?
-2
(1 - 3) + (5 - -1) - 5
-1
What is the value of 2 - (-7 + 6 - -1)?
2
4 - (-3 - -3) - (4 + 0)
0
(-113 - -117) + -1 + -2
1
Calculate 1 - (5 + 6 + -7).
-3
What is -1 - ((-2 - 0) + -2)?
3
10 + -7 - 9 - -4
-2
Calculate (-1 - 2) + 0 - 2.
-5
-11 - (3 - 9) - 4 - -3
-6
What is the value of -15 + -1 + 4 + 6?
-6
-5 + (6 - 0 - 0)
1
Calculate -22 + 28 - (9 - 0).
-3
(-5 - -3) + 4 + 2
4
What is the value of -3 + (14 - 4) + 0?
7
7 - ((-9 - -14) + 6)
-4
What is -10 + -9 + 29 + -8?
2
What is the value of (-9 - (3 + -6)) + 5?
-1
Calculate (12 - 13) + -2 + 9.
6
What is 3 - (8 + -3 - -1)?
-3
What is the value of (6 - 5) + (7 - 2) - 2?
4
What is (7 - 1) + (-1 - 5)?
0
What is -8 + 5 + -3 + 1 + 2?
-3
Calculate 7 + (-4 - (0 - 2)) - 2.
3
Calculate (-1 - -4) + -6 - (1 - 1).
-3
What is -4 - (1 + -1 + -9) - 4?
1
-5 + (2 + 0 - (-13 - -14))
-4
What is the value of -2 + 1 + (6 - 9)?
-4
What is the value of 74 + -83 - (-4 - (0 + 1))?
-4
Calculate (-2 - -4) + -8 + 5 + -2.
-3
What is the value of 4 + 3 + (10 - 19)?
-2
What is (2 - (-1 + 0)) + -1?
2
Calculate 11 + -11 + 9 + -4.
5
Evaluate -1 + (8 - (-1 + 3) - 12).
-7
Evaluate -7 - (3 + (-4 + -2 - -1)).
-5
Calculate 0 - (-4 - (2 + -3)) - 7.
-4
What is -3 - -1 - (0 - -3)?
-5
1 - 5 - (-9 + 8)
-3
Calculate -4 + 4 + 0 + 2.
2
Calculate -4 - (4 + (3 - 7) - 0).
-4
(13 + -5 - 3) + -6
-1
-1 + -1 + 23 + -20
1
-8 - -4 - (-2 + 4 + -9)
3
Calculate (-1 - 4) + (3 + 3 - 6).
-5
Calculate 2 - (2 - (-1 + 4)).
3
What is the value of -3 + (1 - 2) - -4?
0
What is the value of -3 + 1 + 10 + (-7 - 0)?
1
-6 + 0 + 72 + -67
-1
What is the value of 5 + -3 + -5 + 1 + -2?
-4
What is (8 + -1 - 7) + 0?
0
Evaluate 5 - ((-3 - -3) + 1) - 4.
0
Evaluate (10 - 8) + -3 - (-1 - 1).
1
Calculate 4 - (-5 - 8 - -8).
9
-1 + 5 - (-14 + (27 - 8))
-1
What is (-11 - -7) + (-1 - -6) + -1?
0
What is (-1 - -8) + (-11 - -8)?
4
What is -3 - 0 - -3 - -3?
3
Evaluate 0 + -4 + 0 + 3 + -4.
-5
Calculate 1 + ((1 - 1) + 1 - -3).
5
Evaluate (2 - 5 - -6) + (0 - 4).
-1
What is the value of (-2 - -3) + 5 + -9?
-3
-4 + 14 - 4 - 11
-5
Evaluate 2 - (8 - (0 + 2)) - -3.
-1
What is the value of (-10 - -4 - -6) + -5?
-5
-4 + -5 + 10 + (-1 - 7)
-7
2 + (1 - (-4 - -9))
-2
What is 6 - 3 - (5 + -2 + 5)?
-5
1 - 4 - (-2 - (-10 - -11))
0
Evaluate -8 + (-5 - -10) - (-1 - -1).
-3
Calculate (-3 - -22) + -23 + 14.
10
(1 - 6) + (-16 - -18)
-3
1 + -1 - (-2 + (2 - 2))
2
Evaluate 3 + 3 + -7 + 1.
0
Evaluate (0 + -2 - -1) + 1 - -4.
4
What is (1 - (-7 + 2 + 5)) + -4?
-3
Calculate 0 + -3 + (-43 - -43).
-3
Evaluate (2 - 0) + (-12 - (-5 - -3)).
-8
Evaluate 9 + 6 + -5 + -2.
8
Calculate -4 - -3 - ((-3 - 0) + 2).
0
Calculate 8 + (12 - 6) + -11.
3
3 + -5 - (-3 - (-7 + 3))
-3
What is (-1 + 1 - -10) + -3 + 0?
7
What is -1 + (-2 - 0) - -1?
-2
Calculate -2 - -1 - ((4 - -4) + -5).
-4
Calculate -1 + (-1 - -3) - (11 + -5).
-5
What is the value of 1 - (5 + -5) - -2 - 1?
2
Calculate (4 + -